{"id":969,"date":"2020-11-03T18:35:07","date_gmt":"2020-11-03T18:35:07","guid":{"rendered":"https:\/\/airgunslp.com.ar\/home\/?post_type=product&#038;p=969"},"modified":"2026-04-23T12:42:33","modified_gmt":"2026-04-23T12:42:33","slug":"mira-telescopica-discovery-vt-3-3-12x44-sf-sfp","status":"publish","type":"product","link":"https:\/\/airgunslp.com.ar\/home\/producto\/mira-telescopica-discovery-vt-3-3-12x44-sf-sfp\/","title":{"rendered":"Mira Telesc\u00f3pica Discovery VT-3 3-12X44 SF SFP"},"content":{"rendered":"<ul>\n<li>Modelo: VT-3 3-12X44 SF SFP<\/li>\n<li>Aumentos: 3-12X<\/li>\n<li>Di\u00e1metro de Objetivo: 44mm<\/li>\n<li>Di\u00e1metro del Tubo: 30mm(1.1pulgadas)<\/li>\n<li>Largo: 25,4cm (10pulgadas)<\/li>\n<li>Peso: 500g(18.37oz)<\/li>\n<li>Ret\u00edculo: SS SFP MIL<\/li>\n<li>Plano Focal: Segundo Plano Focal<\/li>\n<li>Iluminaci\u00f3n: No<\/li>\n<li>Ajuste de Enfoque: Paralaje Lateral<\/li>\n<li>Ajuste del Paralaje Lateral(Yds): 10Yds-Infinito<\/li>\n<li>Field Of View 100Yards(Ft): 35.1-8.7<\/li>\n<li>Eye Relief: 3.3in-3.5in(85-90mm)<\/li>\n<li>Zero Reset: Si<\/li>\n<li>Zero Stop: No<\/li>\n<li>Indicador de Revolucion: No<\/li>\n<li>Zero Lock: Si(Lock=Abajo)<\/li>\n<li>Valor de Ajuste por Click: 1\/10Mil<\/li>\n<li>Rango de Ajuste de Elevacion: 60MOA<\/li>\n<li>Rango de Ajuste de Viento: 60MOA<\/li>\n<li>Recubrimiento: Lentes Multicapa<\/li>\n<li>Relleno de Nitr\u00f3geno: Si<\/li>\n<li>A Prueba de Golpes: Si<\/li>\n<li>A Prueba de Agua: si<\/li>\n<li>A Prueba de Niebla: Si<\/li>\n<\/ul>\n<h1 style=\"text-align: center;\"><\/h1>\n","protected":false},"excerpt":{"rendered":"<p>Modelo: VT-3 3-12X44 SF SFP Aumentos: 3-12X Di\u00e1metro de Objetivo: 44mm Di\u00e1metro del Tubo: 30mm(1.1pulgadas) Largo: 25,4cm (10pulgadas) Peso: 500g(18.37oz) Ret\u00edculo: SS SFP MIL Plano Focal: Segundo Plano Focal Iluminaci\u00f3n: No Ajuste de Enfoque: Paralaje Lateral Ajuste del Paralaje Lateral(Yds): 10Yds-Infinito Field Of View 100Yards(Ft): 35.1-8.7 Eye Relief: 3.3in-3.5in(85-90mm) Zero Reset: Si Zero Stop: No [&#8230;]\n","protected":false},"featured_media":975,"template":"","meta":{"_joinchat":[]},"yoast_head":"<!-- This site is optimized with the Yoast SEO plugin v23.3 - https:\/\/yoast.com\/wordpress\/plugins\/seo\/ -->\n<title>Mira Telesc\u00f3pica Discovery VT-3 3-12X44 SF SFP - AirGunsLP<\/title>\n<meta name=\"description\" content=\"Importador de armas de aire comprimido. Venta mayorista y minorista de todas las marcas nacionales. Stock permanente de todos los modelos.\" \/>\n<meta name=\"robots\" content=\"index, follow, max-snippet:-1, max-image-preview:large, max-video-preview:-1\" \/>\n<link rel=\"canonical\" href=\"https:\/\/airgunslp.com.ar\/home\/producto\/mira-telescopica-discovery-vt-3-3-12x44-sf-sfp\/\" \/>\n<meta property=\"og:locale\" content=\"es_ES\" \/>\n<meta property=\"og:type\" content=\"article\" \/>\n<meta property=\"og:title\" content=\"Mira Telesc\u00f3pica Discovery VT-3 3-12X44 SF SFP - AirGunsLP\" \/>\n<meta property=\"og:description\" content=\"Importador de armas de aire comprimido. Venta mayorista y minorista de todas las marcas nacionales. Stock permanente de todos los modelos.\" \/>\n<meta property=\"og:url\" content=\"https:\/\/airgunslp.com.ar\/home\/producto\/mira-telescopica-discovery-vt-3-3-12x44-sf-sfp\/\" \/>\n<meta property=\"og:site_name\" content=\"AirGunsLP\" \/>\n<meta property=\"article:publisher\" content=\"https:\/\/www.facebook.com\/airgunslp\/\" \/>\n<meta property=\"article:modified_time\" content=\"2026-04-23T12:42:33+00:00\" \/>\n<meta property=\"og:image\" content=\"https:\/\/airgunslp.com.ar\/home\/wp-content\/uploads\/1-1ZH6143638.jpg\" \/>\n\t<meta property=\"og:image:width\" content=\"3944\" \/>\n\t<meta property=\"og:image:height\" content=\"3944\" \/>\n\t<meta property=\"og:image:type\" content=\"image\/jpeg\" \/>\n<meta name=\"twitter:card\" content=\"summary_large_image\" \/>\n<meta name=\"twitter:site\" content=\"@airgunslp\" \/>\n<meta name=\"twitter:label1\" content=\"Tiempo de lectura\" \/>\n\t<meta name=\"twitter:data1\" content=\"1 minuto\" \/>\n<script type=\"application\/ld+json\" class=\"yoast-schema-graph\">{\"@context\":\"https:\/\/schema.org\",\"@graph\":[{\"@type\":\"WebPage\",\"@id\":\"https:\/\/airgunslp.com.ar\/home\/producto\/mira-telescopica-discovery-vt-3-3-12x44-sf-sfp\/\",\"url\":\"https:\/\/airgunslp.com.ar\/home\/producto\/mira-telescopica-discovery-vt-3-3-12x44-sf-sfp\/\",\"name\":\"Mira Telesc\u00f3pica Discovery VT-3 3-12X44 SF SFP - AirGunsLP\",\"isPartOf\":{\"@id\":\"https:\/\/airgunslp.com.ar\/home\/#website\"},\"primaryImageOfPage\":{\"@id\":\"https:\/\/airgunslp.com.ar\/home\/producto\/mira-telescopica-discovery-vt-3-3-12x44-sf-sfp\/#primaryimage\"},\"image\":{\"@id\":\"https:\/\/airgunslp.com.ar\/home\/producto\/mira-telescopica-discovery-vt-3-3-12x44-sf-sfp\/#primaryimage\"},\"thumbnailUrl\":\"https:\/\/airgunslp.com.ar\/home\/wp-content\/uploads\/1-1ZH6143638.jpg\",\"datePublished\":\"2020-11-03T18:35:07+00:00\",\"dateModified\":\"2026-04-23T12:42:33+00:00\",\"description\":\"Importador de armas de aire comprimido. Venta mayorista y minorista de todas las marcas nacionales. Stock permanente de todos los modelos.\",\"breadcrumb\":{\"@id\":\"https:\/\/airgunslp.com.ar\/home\/producto\/mira-telescopica-discovery-vt-3-3-12x44-sf-sfp\/#breadcrumb\"},\"inLanguage\":\"es\",\"potentialAction\":[{\"@type\":\"ReadAction\",\"target\":[\"https:\/\/airgunslp.com.ar\/home\/producto\/mira-telescopica-discovery-vt-3-3-12x44-sf-sfp\/\"]}]},{\"@type\":\"ImageObject\",\"inLanguage\":\"es\",\"@id\":\"https:\/\/airgunslp.com.ar\/home\/producto\/mira-telescopica-discovery-vt-3-3-12x44-sf-sfp\/#primaryimage\",\"url\":\"https:\/\/airgunslp.com.ar\/home\/wp-content\/uploads\/1-1ZH6143638.jpg\",\"contentUrl\":\"https:\/\/airgunslp.com.ar\/home\/wp-content\/uploads\/1-1ZH6143638.jpg\",\"width\":3944,\"height\":3944},{\"@type\":\"BreadcrumbList\",\"@id\":\"https:\/\/airgunslp.com.ar\/home\/producto\/mira-telescopica-discovery-vt-3-3-12x44-sf-sfp\/#breadcrumb\",\"itemListElement\":[{\"@type\":\"ListItem\",\"position\":1,\"name\":\"Portada\",\"item\":\"https:\/\/airgunslp.com.ar\/home\/\"},{\"@type\":\"ListItem\",\"position\":2,\"name\":\"Productos\",\"item\":\"https:\/\/airgunslp.com.ar\/home\/productos\/\"},{\"@type\":\"ListItem\",\"position\":3,\"name\":\"Mira Telesc\u00f3pica Discovery VT-3 3-12X44 SF SFP\"}]},{\"@type\":\"WebSite\",\"@id\":\"https:\/\/airgunslp.com.ar\/home\/#website\",\"url\":\"https:\/\/airgunslp.com.ar\/home\/\",\"name\":\"AirGunsLP\",\"description\":\"Venta de armas de aire comprimido\",\"potentialAction\":[{\"@type\":\"SearchAction\",\"target\":{\"@type\":\"EntryPoint\",\"urlTemplate\":\"https:\/\/airgunslp.com.ar\/home\/?s={search_term_string}\"},\"query-input\":\"required name=search_term_string\"}],\"inLanguage\":\"es\"}]}<\/script>\n<!-- \/ Yoast SEO plugin. -->","yoast_head_json":{"title":"Mira Telesc\u00f3pica Discovery VT-3 3-12X44 SF SFP - AirGunsLP","description":"Importador de armas de aire comprimido. Venta mayorista y minorista de todas las marcas nacionales. Stock permanente de todos los modelos.","robots":{"index":"index","follow":"follow","max-snippet":"max-snippet:-1","max-image-preview":"max-image-preview:large","max-video-preview":"max-video-preview:-1"},"canonical":"https:\/\/airgunslp.com.ar\/home\/producto\/mira-telescopica-discovery-vt-3-3-12x44-sf-sfp\/","og_locale":"es_ES","og_type":"article","og_title":"Mira Telesc\u00f3pica Discovery VT-3 3-12X44 SF SFP - AirGunsLP","og_description":"Importador de armas de aire comprimido. Venta mayorista y minorista de todas las marcas nacionales. Stock permanente de todos los modelos.","og_url":"https:\/\/airgunslp.com.ar\/home\/producto\/mira-telescopica-discovery-vt-3-3-12x44-sf-sfp\/","og_site_name":"AirGunsLP","article_publisher":"https:\/\/www.facebook.com\/airgunslp\/","article_modified_time":"2026-04-23T12:42:33+00:00","og_image":[{"width":3944,"height":3944,"url":"https:\/\/airgunslp.com.ar\/home\/wp-content\/uploads\/1-1ZH6143638.jpg","type":"image\/jpeg"}],"twitter_card":"summary_large_image","twitter_site":"@airgunslp","twitter_misc":{"Tiempo de lectura":"1 minuto"},"schema":{"@context":"https:\/\/schema.org","@graph":[{"@type":"WebPage","@id":"https:\/\/airgunslp.com.ar\/home\/producto\/mira-telescopica-discovery-vt-3-3-12x44-sf-sfp\/","url":"https:\/\/airgunslp.com.ar\/home\/producto\/mira-telescopica-discovery-vt-3-3-12x44-sf-sfp\/","name":"Mira Telesc\u00f3pica Discovery VT-3 3-12X44 SF SFP - AirGunsLP","isPartOf":{"@id":"https:\/\/airgunslp.com.ar\/home\/#website"},"primaryImageOfPage":{"@id":"https:\/\/airgunslp.com.ar\/home\/producto\/mira-telescopica-discovery-vt-3-3-12x44-sf-sfp\/#primaryimage"},"image":{"@id":"https:\/\/airgunslp.com.ar\/home\/producto\/mira-telescopica-discovery-vt-3-3-12x44-sf-sfp\/#primaryimage"},"thumbnailUrl":"https:\/\/airgunslp.com.ar\/home\/wp-content\/uploads\/1-1ZH6143638.jpg","datePublished":"2020-11-03T18:35:07+00:00","dateModified":"2026-04-23T12:42:33+00:00","description":"Importador de armas de aire comprimido. Venta mayorista y minorista de todas las marcas nacionales. Stock permanente de todos los modelos.","breadcrumb":{"@id":"https:\/\/airgunslp.com.ar\/home\/producto\/mira-telescopica-discovery-vt-3-3-12x44-sf-sfp\/#breadcrumb"},"inLanguage":"es","potentialAction":[{"@type":"ReadAction","target":["https:\/\/airgunslp.com.ar\/home\/producto\/mira-telescopica-discovery-vt-3-3-12x44-sf-sfp\/"]}]},{"@type":"ImageObject","inLanguage":"es","@id":"https:\/\/airgunslp.com.ar\/home\/producto\/mira-telescopica-discovery-vt-3-3-12x44-sf-sfp\/#primaryimage","url":"https:\/\/airgunslp.com.ar\/home\/wp-content\/uploads\/1-1ZH6143638.jpg","contentUrl":"https:\/\/airgunslp.com.ar\/home\/wp-content\/uploads\/1-1ZH6143638.jpg","width":3944,"height":3944},{"@type":"BreadcrumbList","@id":"https:\/\/airgunslp.com.ar\/home\/producto\/mira-telescopica-discovery-vt-3-3-12x44-sf-sfp\/#breadcrumb","itemListElement":[{"@type":"ListItem","position":1,"name":"Portada","item":"https:\/\/airgunslp.com.ar\/home\/"},{"@type":"ListItem","position":2,"name":"Productos","item":"https:\/\/airgunslp.com.ar\/home\/productos\/"},{"@type":"ListItem","position":3,"name":"Mira Telesc\u00f3pica Discovery VT-3 3-12X44 SF SFP"}]},{"@type":"WebSite","@id":"https:\/\/airgunslp.com.ar\/home\/#website","url":"https:\/\/airgunslp.com.ar\/home\/","name":"AirGunsLP","description":"Venta de armas de aire comprimido","potentialAction":[{"@type":"SearchAction","target":{"@type":"EntryPoint","urlTemplate":"https:\/\/airgunslp.com.ar\/home\/?s={search_term_string}"},"query-input":"required name=search_term_string"}],"inLanguage":"es"}]}},"_links":{"self":[{"href":"https:\/\/airgunslp.com.ar\/home\/wp-json\/wp\/v2\/product\/969"}],"collection":[{"href":"https:\/\/airgunslp.com.ar\/home\/wp-json\/wp\/v2\/product"}],"about":[{"href":"https:\/\/airgunslp.com.ar\/home\/wp-json\/wp\/v2\/types\/product"}],"wp:featuredmedia":[{"embeddable":true,"href":"https:\/\/airgunslp.com.ar\/home\/wp-json\/wp\/v2\/media\/975"}],"wp:attachment":[{"href":"https:\/\/airgunslp.com.ar\/home\/wp-json\/wp\/v2\/media?parent=969"}],"curies":[{"name":"wp","href":"https:\/\/api.w.org\/{rel}","templated":true}]}}