{"id":1554,"date":"2021-07-14T16:19:49","date_gmt":"2021-07-14T16:19:49","guid":{"rendered":"https:\/\/airgunslp.com.ar\/home\/?post_type=product&#038;p=1554"},"modified":"2024-04-17T14:42:58","modified_gmt":"2024-04-17T14:42:58","slug":"aerosol-lubrilina-sport-dry-440cc","status":"publish","type":"product","link":"https:\/\/airgunslp.com.ar\/home\/producto\/aerosol-lubrilina-sport-dry-440cc\/","title":{"rendered":"Aerosol Lubrilina Sport Dry 440cc"},"content":{"rendered":"<ul>\n<li>Aerosol Impermeabilizante para todo tipo de telas de algod\u00f3n, sint\u00e9ticos, cueros. Con alta concentraci\u00f3n de hidro-repelentes que forman una barrera contra el agua. Para mochilas, camperas, sombreros, cubre-techos de carpas, parasoles, pantalones, carpas, tapizados, toldillas de embarcaciones, etc.<\/li>\n<li>Es un producto de muy sencilla aplicaci\u00f3n. No modifica la textura original de los materiales y permite que estos \u00abrespiren\u00bb naturalmente, ya que no es una laca, sino que se integra a la fibra del material tratado. Cubre la trama de lo que se desea proteger sin alterar sus propiedades. Una vez colocado y seco no tiene ning\u00fan tipo de perfume u olor. No forma ning\u00fan tipo de pel\u00edcula sobre el material tratado.<\/li>\n<\/ul>\n","protected":false},"excerpt":{"rendered":"<p>Aerosol Impermeabilizante para todo tipo de telas de algod\u00f3n, sint\u00e9ticos, cueros. Con alta concentraci\u00f3n de hidro-repelentes que forman una barrera contra el agua. Para mochilas, camperas, sombreros, cubre-techos de carpas, parasoles, pantalones, carpas, tapizados, toldillas de embarcaciones, etc. Es un producto de muy sencilla aplicaci\u00f3n. No modifica la textura original de los materiales y permite [&#8230;]\n","protected":false},"featured_media":1556,"template":"","meta":{"_joinchat":[]},"yoast_head":"<!-- This site is optimized with the Yoast SEO plugin v23.3 - https:\/\/yoast.com\/wordpress\/plugins\/seo\/ -->\n<title>Aerosol Lubrilina Sport Dry 440cc - AirGunsLP<\/title>\n<meta name=\"description\" content=\"Importador de armas de aire comprimido. Venta mayorista y minorista de todas las marcas nacionales. Stock permanente de todos los modelos.\" \/>\n<meta name=\"robots\" content=\"index, follow, max-snippet:-1, max-image-preview:large, max-video-preview:-1\" \/>\n<link rel=\"canonical\" href=\"https:\/\/airgunslp.com.ar\/home\/producto\/aerosol-lubrilina-sport-dry-440cc\/\" \/>\n<meta property=\"og:locale\" content=\"es_ES\" \/>\n<meta property=\"og:type\" content=\"article\" \/>\n<meta property=\"og:title\" content=\"Aerosol Lubrilina Sport Dry 440cc - AirGunsLP\" \/>\n<meta property=\"og:description\" content=\"Importador de armas de aire comprimido. Venta mayorista y minorista de todas las marcas nacionales. Stock permanente de todos los modelos.\" \/>\n<meta property=\"og:url\" content=\"https:\/\/airgunslp.com.ar\/home\/producto\/aerosol-lubrilina-sport-dry-440cc\/\" \/>\n<meta property=\"og:site_name\" content=\"AirGunsLP\" \/>\n<meta property=\"article:publisher\" content=\"https:\/\/www.facebook.com\/airgunslp\/\" \/>\n<meta property=\"article:modified_time\" content=\"2024-04-17T14:42:58+00:00\" \/>\n<meta property=\"og:image\" content=\"https:\/\/airgunslp.com.ar\/home\/wp-content\/uploads\/Sportdry-440cc.png\" \/>\n\t<meta property=\"og:image:width\" content=\"416\" \/>\n\t<meta property=\"og:image:height\" content=\"416\" \/>\n\t<meta property=\"og:image:type\" content=\"image\/png\" \/>\n<meta name=\"twitter:card\" content=\"summary_large_image\" \/>\n<meta name=\"twitter:site\" content=\"@airgunslp\" \/>\n<meta name=\"twitter:label1\" content=\"Tiempo de lectura\" \/>\n\t<meta name=\"twitter:data1\" content=\"1 minuto\" \/>\n<script type=\"application\/ld+json\" class=\"yoast-schema-graph\">{\"@context\":\"https:\/\/schema.org\",\"@graph\":[{\"@type\":\"WebPage\",\"@id\":\"https:\/\/airgunslp.com.ar\/home\/producto\/aerosol-lubrilina-sport-dry-440cc\/\",\"url\":\"https:\/\/airgunslp.com.ar\/home\/producto\/aerosol-lubrilina-sport-dry-440cc\/\",\"name\":\"Aerosol Lubrilina Sport Dry 440cc - AirGunsLP\",\"isPartOf\":{\"@id\":\"https:\/\/airgunslp.com.ar\/home\/#website\"},\"primaryImageOfPage\":{\"@id\":\"https:\/\/airgunslp.com.ar\/home\/producto\/aerosol-lubrilina-sport-dry-440cc\/#primaryimage\"},\"image\":{\"@id\":\"https:\/\/airgunslp.com.ar\/home\/producto\/aerosol-lubrilina-sport-dry-440cc\/#primaryimage\"},\"thumbnailUrl\":\"https:\/\/airgunslp.com.ar\/home\/wp-content\/uploads\/Sportdry-440cc.png\",\"datePublished\":\"2021-07-14T16:19:49+00:00\",\"dateModified\":\"2024-04-17T14:42:58+00:00\",\"description\":\"Importador de armas de aire comprimido. Venta mayorista y minorista de todas las marcas nacionales. Stock permanente de todos los modelos.\",\"breadcrumb\":{\"@id\":\"https:\/\/airgunslp.com.ar\/home\/producto\/aerosol-lubrilina-sport-dry-440cc\/#breadcrumb\"},\"inLanguage\":\"es\",\"potentialAction\":[{\"@type\":\"ReadAction\",\"target\":[\"https:\/\/airgunslp.com.ar\/home\/producto\/aerosol-lubrilina-sport-dry-440cc\/\"]}]},{\"@type\":\"ImageObject\",\"inLanguage\":\"es\",\"@id\":\"https:\/\/airgunslp.com.ar\/home\/producto\/aerosol-lubrilina-sport-dry-440cc\/#primaryimage\",\"url\":\"https:\/\/airgunslp.com.ar\/home\/wp-content\/uploads\/Sportdry-440cc.png\",\"contentUrl\":\"https:\/\/airgunslp.com.ar\/home\/wp-content\/uploads\/Sportdry-440cc.png\",\"width\":416,\"height\":416},{\"@type\":\"BreadcrumbList\",\"@id\":\"https:\/\/airgunslp.com.ar\/home\/producto\/aerosol-lubrilina-sport-dry-440cc\/#breadcrumb\",\"itemListElement\":[{\"@type\":\"ListItem\",\"position\":1,\"name\":\"Portada\",\"item\":\"https:\/\/airgunslp.com.ar\/home\/\"},{\"@type\":\"ListItem\",\"position\":2,\"name\":\"Productos\",\"item\":\"https:\/\/airgunslp.com.ar\/home\/productos\/\"},{\"@type\":\"ListItem\",\"position\":3,\"name\":\"Aerosol Lubrilina Sport Dry 440cc\"}]},{\"@type\":\"WebSite\",\"@id\":\"https:\/\/airgunslp.com.ar\/home\/#website\",\"url\":\"https:\/\/airgunslp.com.ar\/home\/\",\"name\":\"AirGunsLP\",\"description\":\"Venta de armas de aire comprimido\",\"potentialAction\":[{\"@type\":\"SearchAction\",\"target\":{\"@type\":\"EntryPoint\",\"urlTemplate\":\"https:\/\/airgunslp.com.ar\/home\/?s={search_term_string}\"},\"query-input\":\"required name=search_term_string\"}],\"inLanguage\":\"es\"}]}<\/script>\n<!-- \/ Yoast SEO plugin. -->","yoast_head_json":{"title":"Aerosol Lubrilina Sport Dry 440cc - AirGunsLP","description":"Importador de armas de aire comprimido. Venta mayorista y minorista de todas las marcas nacionales. Stock permanente de todos los modelos.","robots":{"index":"index","follow":"follow","max-snippet":"max-snippet:-1","max-image-preview":"max-image-preview:large","max-video-preview":"max-video-preview:-1"},"canonical":"https:\/\/airgunslp.com.ar\/home\/producto\/aerosol-lubrilina-sport-dry-440cc\/","og_locale":"es_ES","og_type":"article","og_title":"Aerosol Lubrilina Sport Dry 440cc - AirGunsLP","og_description":"Importador de armas de aire comprimido. Venta mayorista y minorista de todas las marcas nacionales. Stock permanente de todos los modelos.","og_url":"https:\/\/airgunslp.com.ar\/home\/producto\/aerosol-lubrilina-sport-dry-440cc\/","og_site_name":"AirGunsLP","article_publisher":"https:\/\/www.facebook.com\/airgunslp\/","article_modified_time":"2024-04-17T14:42:58+00:00","og_image":[{"width":416,"height":416,"url":"https:\/\/airgunslp.com.ar\/home\/wp-content\/uploads\/Sportdry-440cc.png","type":"image\/png"}],"twitter_card":"summary_large_image","twitter_site":"@airgunslp","twitter_misc":{"Tiempo de lectura":"1 minuto"},"schema":{"@context":"https:\/\/schema.org","@graph":[{"@type":"WebPage","@id":"https:\/\/airgunslp.com.ar\/home\/producto\/aerosol-lubrilina-sport-dry-440cc\/","url":"https:\/\/airgunslp.com.ar\/home\/producto\/aerosol-lubrilina-sport-dry-440cc\/","name":"Aerosol Lubrilina Sport Dry 440cc - AirGunsLP","isPartOf":{"@id":"https:\/\/airgunslp.com.ar\/home\/#website"},"primaryImageOfPage":{"@id":"https:\/\/airgunslp.com.ar\/home\/producto\/aerosol-lubrilina-sport-dry-440cc\/#primaryimage"},"image":{"@id":"https:\/\/airgunslp.com.ar\/home\/producto\/aerosol-lubrilina-sport-dry-440cc\/#primaryimage"},"thumbnailUrl":"https:\/\/airgunslp.com.ar\/home\/wp-content\/uploads\/Sportdry-440cc.png","datePublished":"2021-07-14T16:19:49+00:00","dateModified":"2024-04-17T14:42:58+00:00","description":"Importador de armas de aire comprimido. Venta mayorista y minorista de todas las marcas nacionales. Stock permanente de todos los modelos.","breadcrumb":{"@id":"https:\/\/airgunslp.com.ar\/home\/producto\/aerosol-lubrilina-sport-dry-440cc\/#breadcrumb"},"inLanguage":"es","potentialAction":[{"@type":"ReadAction","target":["https:\/\/airgunslp.com.ar\/home\/producto\/aerosol-lubrilina-sport-dry-440cc\/"]}]},{"@type":"ImageObject","inLanguage":"es","@id":"https:\/\/airgunslp.com.ar\/home\/producto\/aerosol-lubrilina-sport-dry-440cc\/#primaryimage","url":"https:\/\/airgunslp.com.ar\/home\/wp-content\/uploads\/Sportdry-440cc.png","contentUrl":"https:\/\/airgunslp.com.ar\/home\/wp-content\/uploads\/Sportdry-440cc.png","width":416,"height":416},{"@type":"BreadcrumbList","@id":"https:\/\/airgunslp.com.ar\/home\/producto\/aerosol-lubrilina-sport-dry-440cc\/#breadcrumb","itemListElement":[{"@type":"ListItem","position":1,"name":"Portada","item":"https:\/\/airgunslp.com.ar\/home\/"},{"@type":"ListItem","position":2,"name":"Productos","item":"https:\/\/airgunslp.com.ar\/home\/productos\/"},{"@type":"ListItem","position":3,"name":"Aerosol Lubrilina Sport Dry 440cc"}]},{"@type":"WebSite","@id":"https:\/\/airgunslp.com.ar\/home\/#website","url":"https:\/\/airgunslp.com.ar\/home\/","name":"AirGunsLP","description":"Venta de armas de aire comprimido","potentialAction":[{"@type":"SearchAction","target":{"@type":"EntryPoint","urlTemplate":"https:\/\/airgunslp.com.ar\/home\/?s={search_term_string}"},"query-input":"required name=search_term_string"}],"inLanguage":"es"}]}},"_links":{"self":[{"href":"https:\/\/airgunslp.com.ar\/home\/wp-json\/wp\/v2\/product\/1554"}],"collection":[{"href":"https:\/\/airgunslp.com.ar\/home\/wp-json\/wp\/v2\/product"}],"about":[{"href":"https:\/\/airgunslp.com.ar\/home\/wp-json\/wp\/v2\/types\/product"}],"wp:featuredmedia":[{"embeddable":true,"href":"https:\/\/airgunslp.com.ar\/home\/wp-json\/wp\/v2\/media\/1556"}],"wp:attachment":[{"href":"https:\/\/airgunslp.com.ar\/home\/wp-json\/wp\/v2\/media?parent=1554"}],"curies":[{"name":"wp","href":"https:\/\/api.w.org\/{rel}","templated":true}]}}